*c**2 + 134*c + 1581. What is i(-52)?
21
Let a(m) = 29*m + 1159. Determine a(-39).
28
Let m(i) = -i**3 - 114*i**2 - 225*i - 119. Determine m(-112).
-7
Let i(s) = -s**3 + 6*s**2 + 13*s - 7. Calculate i(9).
-133
Let k(f) = -f**3 - 14*f**2 - 26*f + 51. Calculate k(-9).
-120
Let q(z) = z**2 - 190*z + 1092. Give q(6).
-12
Let k(x) = -x**2 + 882*x + 4406. Give k(-5).
-29
Let n(u) = -25*u**2 + 17*u + 47. Give n(-3).
-229
Let m(o) = o**2 - 326*o + 9160. Determine m(31).
15
Let x(d) = -d**2 - 26*d + 6400. Calculate x(68).
8
Let t(n) = 22*n**2 + 163*n + 42. Calculate t(-6).
-144
Let w(g) = -2*g**3 + 31*g**2 - 32*g + 144. Give w(15).
-111
Let u(n) = -36*n**2 + 1113*n + 70. Calculate u(31).
-23
Let t(z) = 131*z**3 + 1. Calculate t(-1).
-130
Let n(i) = -16*i**2 - 6*i - 9. What is n(-5)?
-379
Let a(p) = -7*p**2 + 21*p + 45. Calculate a(-3).
-81
Let i(w) = 282*w + 2997. Determine i(-11).
-105
Let p(k) = -4*k**2 + 1088*k + 6579. Determine p(-6).
-93
Let s(n) = 63*n - 4602. What is s(73)?
-3
Let l(i) = -i**3 - 29*i**2 - 58*i - 141. What is l(-27)?
-33
Let n(a) = -2*a**3 + 70*a**2 - 367*a + 119. Give n(6).
5
Let a(s) = 2*s**3 + 13*s**2 - 18*s + 12. Calculate a(-8).
-36
Let d(j) = j**2 + 125*j - 3. Give d(0).
-3
Let x(g) = -91*g - 449. Determine x(-5).
6
Let c(k) = -7*k**2 - 7*k - 6. What is c(-1)?
-6
Let g(l) = -l**3 - 38*l**2 - 29*l + 274. Calculate g(-37).
-22
Let i(t) = 7*t**2 - 133*t + 416. Calculate i(15).
-4
Let t(k) = -93*k + 279. What is t(4)?
-93
Let q(h) = -3*h**2 + 118*h - 1149. Calculate q(21).
6
Let y(x) = -16*x + 302. Give y(19).
-2
Let w(h) = -15*h + 353. What is w(24)?
-7
Let y(g) = -93*g + 456. Give y(5).
-9
Let t(o) = 229*o - 5734. Give t(25).
-9
Let p(l) = -3*l**3 - 40*l**2 - 91*l - 979. Determine p(-13).
35
Let s(k) = k**2 - 16*k - 74. Determine s(21).
31
Let a(m) = 2711*m + 13559. Give a(-5).
4
Let h(w) = 2*w**3 + 144*w**2 - 145*w + 110. What is h(-73)?
37
Let m(y) = -3*y**2 - 8*y + 554. Give m(-15).
-1
Let y(t) = 136*t**3 - 3*t**2 + 4*t + 8. What is y(-1)?
-135
Let s(i) = -i**2 + 6*i - 5. Calculate s(5).
0
Let i(r) = -7*r + 1245. Calculate i(179).
-8
Let a(k) = k**2 + 31*k + 242. Determine a(-14).
4
Let d(f) = 3*f**3 + 75*f**2 + 2*f + 47. Give d(-25).
-3
Let k(i) = -14*i + 364. Calculate k(7).
266
Let u(n) = n**3 - 8*n**2 - 13*n - 51. Determine u(10).
19
Let f(w) = w**2 - 1159*w - 14055. Give f(-12).
-3
Let b(r) = 106*r**3 - r**2 + 11*r - 18. Give b(2).
848
Let z(u) = 130*u - 1419. Calculate z(11).
11
Let y(g) = 1410*g - 35244. Give y(25).
6
Let k(u) = -u**3 - 122*u**2 + 124*u + 43. Give k(-123).
-80
Let d(m) = -4367*m - 8746. What is d(-2)?
-12
Let w(c) = 127*c + 236. Calculate w(3).
617
Let h(c) = -c**3 + 18*c**2 - 82*c + 19. What is h(7)?
-16
Let p(k) = k**2 + 122*k + 358. Give p(-3).
1
Let l(n) = -n**3 - 27*n**2 - 647*n - 16142. Give l(-26).
4
Let k(o) = -2*o**3 - 110*o**2 + 1158*o - 54. Determine k(9).
0
Let z(a) = 2*a**2 + 25*a - 214. Determine z(-18).
-16
Let f(b) = 2*b**2 - 9*b - 135. Determine f(9).
-54
Let f(i) = -6*i**2 + 117*i + 1024. Give f(-7).
-89
Let n(f) = -f**3 - 27*f**2 + 155*f - 1416. What is n(-33)?
3
Let h(o) = -181*o + 5646. Determine h(31).
35
Let i(h) = 5*h**2 + 227*h + 76. Give i(-45).
-14
Let y(w) = -94*w**2 - 5924*w - 130. Calculate y(-63).
-4
Let o(y) = y**3 - 56*y**2 - 977*y - 209. Give o(70).
1
Let u(n) = -n**2 + 130*n - 389. What is u(3)?
-8
Let k(d) = d**3 - 7*d**2 - 158*d + 8. Give k(-10).
-112
Let a(l) = 6*l + 83. Calculate a(-19).
-31
Let v(o) = -2*o**3 - 67*o**2 + 289*o + 25. Calculate v(4).
-19
Let m(w) = -445*w - 21804. Give m(-49).
1
Let n(m) = -m**3 + 51*m**2 - 383*m + 1680. What is n(43)?
3
Let v(m) = m**2 - 69*m + 1038. What is v(26)?
-80
Let n(p) = p**3 - 5*p**2 + 59*p - 389. Determine n(6).
1
Let j(n) = 27*n**2 + 3134*n + 251. Give j(-116).
19
Let c(u) = 101*u - 80. What is c(1)?
21
Let b(k) = -2*k**2 - 117*k - 641. What is b(-52)?
35
Let t(b) = b**2 + 25*b - 1823. Calculate t(32).
1
Let d(l) = 5049*l - 35345. Give d(7).
-2
Let s(c) = 212*c - 50. Give s(1).
162
Let x(u) = 6*u**2 - 13*u - 127. Give x(5).
-42
Let v(r) = 1434*r - 4233. What is v(3)?
69
Let s(r) = 4*r**2 - 472*r - 5089. What is s(128)?
31
Let z(j) = 27*j**3 + 14*j**2 + 20*j + 6. What is z(-1)?
-27
Let r(x) = x**3 - 21*x**2 - 50*x + 621. Calculate r(22).
5
Let i(z) = -z**2 + 35*z - 15. Calculate i(37).
-89
Let r(j) = j**3 + 24*j**2 + 42*j - 32. Give r(-22).
12
Let h(k) = -k**3 - 46*k**2 - 50*k - 228. Give h(-45).
-3
Let j(a) = -6427*a + 51413. Determine j(8).
-3
Let k(h) = -h**3 - 22*h**2 + 19*h - 132. What is k(-23)?
-40
Let k(g) = -43*g - 329. Determine k(-8).
15
Let c(f) = -f**3 - 152*f**2 - 5777*f - 152. Calculate c(-77).
2
Let y(m) = 229*m - 1671. Calculate y(8).
161
Let x(z) = -3*z**3 + 7*z**2 - 10*z + 13. Give x(2).
-3
Let t(a) = -a**2 + 58*a - 115. Calculate t(53).
150
Let t(p) = -2433*p + 29313. Determine t(12).
117
Let s(r) = -207*r - 500. Give s(-2).
-86
Let d(u) = -2*u**2 + 116*u - 347. Calculate d(55).
-17
Let z(p) = 56*p - 394. What is z(16)?
502
Let t(r) = 3*r**3 + 168*r**2 - 899*r - 74. What is t(5)?
6
Let z(h) = h**3 - 8*h**2 - 41*h + 280. What is z(5)?
0
Let o(v) = -v**3 + 12*v**2 + 32*v + 4. Calculate o(-5).
269
Let m(j) = j**3 - 4*j**2 - 6*j - 23. Determine m(7).
82
Let c(r) = -r**3 - 36*r**2 + 75*r - 39. Give c(-38).
-1
Let u(x) = 2*x**3 + 473*x**2 - 225*x + 2926. Give u(-237).
82
Let u(z) = 2*z**2 - 54*z + 198. Calculate u(22).
-22
Let d(u) = -44*u - 3933. Give d(-89).
-17
Let n(l) = 11*l**2 + 334*l + 128. Give n(-30).
8
Let p(a) = 8*a**2 + 8*a - 7. Give p(-6).
233
Let s(i) = -46*i**3 + 691*i**2 - 15*i + 25. Calculate s(15).
25
Let p(a) = a**3 + 82*a**2 - 245*a + 853. Calculate p(-85).
3
Let i(d) = d**2 - 96*d + 7. What is i(96)?
7
Let p(h) = 54*h**2 - 20*h - 20. What is p(-1)?
54
Let f(c) = -c**3 + 467*c**2 + 1886*c + 7. What is f(-4)?
-1
Let y(l) = l**3 + 13*l**2 - 181*l - 1107. Give y(-5).
-2
Let f(p) = -12*p**2 - 18*p - 24. Calculate f(-1).
-18
Let z(f) = 2*f**2 + 201*f + 2976. Determine z(-18).
6
Let h(l) = -l**2 - 97*l - 705. Give h(-8).
7
Let a(f) = f**3 - 11*f**2 + 26*f - 31. Calculate a(7).
-45
Let u(r) = -21*r**2 - 132*r - 212. Calculate u(-3).
-5
Let u(r) = -r**3 - 25*r**2 + 80*r + 9. Calculate u(-28).
121
Let n(g) = -319*g**2 + 2554*g - 25. Give n(8).
-9
Let o(y) = -4*y**3 + 823*y**2 - 1432*y + 803. Determine o(204).
-13
Let v(j) = j**2 - 3*j - 11. Calculate v(-2).
-1
Let k(j) = -2*j**3 - 28*j**2 - 64*j - 1073. What is k(-14)?
-177
Let m(r) = r**3 - 35*r**2 - 114*r + 20. What is m(38)?
20
Let y(q) = -870*q + 12167. What is y(14)?
-13
Let l(c) = 509*c - 6610. Give l(13).
7
Let r(y) = y**3 + 11*y**2 - 41*y + 17. Determine r(-14).
3
Let q(x) = -76*x - 114. What is q(-2)?
38
Let s(k) = 67*k - 7488. What is s(112)?
16
Let k(i) = 203*i + 2845. What is k(-12)?
409
Let t(l) = 9*l - 399. Calculate t(0).
-399
Let s(v) = 13*v**2 - 189*v - 188. Calculate s(-1).
14
Let y(c) = 1758*c - 14102. Calculate y(8).
-38
Let g(n) = 12*n**2 + 33*n + 69. Give g(-2).
51
Let c(h) = 13*h + 194. Determine c(-14).
12
Let r(l) = -794*l + 25402. What is r(32)?
-6
Let o(z) = 2*z**3 + 21*z**2 + 8*z + 35. Give o(-10).
55
Let c(f) = -2*f**3 - 2*f**2 - 245*f - 8. Determine c(0).
-8
Let r(w) = 16*w**2 + 146*w + 15. What is r(-9)?
-3
Let m(d) = 5*d**2 - 768*d - 1151. Calculate m(155).
-66
Let r(k) = k**3 - 65*k**2 - 55*k + 3569. Calculate r(65).
-6
Let i(s) = 3*s**2 - 29*s + 201. Determine i(22).
1015
Let p(a) = -1460*a + 18953. Calculate p(13).
-27
Let r(y) = 4*y**3 + 328*y**2 + 322*y - 151. Give r(-81).
11
Let l(v) = -3*v**2 + 1554*v + 9404. Calculate l(-6).
-28
Let l(z) = 103*z + 3201. Give l(-31).
8
Let y(v) = v**3 - 125*v**2 - 248*v - 753. Give y(127).
9
Let z(d) = d**2 + 18*d - 2039. Determine z(37).
-4
Let y(p) = p**2 + 366*p + 7984. Calculate y(-23).
95
Let o(k) = -234*k - 8. Determine o(0).
-8
Let y(k) = -k**3 - 7*k**2 + 8*k - 97. Determine y(-9).
-7
Let p(s) = s**3 - 21*s**2 - 81*s - 64. Calculate p(24).
-280
Let o(q) = -9*q**2 - 13*q + 23. Give o(-3).
-19
Let s(j) = 12*j**3 - j**2 + j - 24. What is s(3)?
294
Let g(p) = 8*p**2 - 98*p + 23. Give g(11).
-87
Let p(j) = -2*j**2 + 71*j - 378. Calculate p(27).
81
Let i(v) = 1602*v - 12831. What is i(8)?
-15
Let f(l) = 21*l - 1287. Give f(60).
-27
Let t(g) = g**3 - 10*g**2 - 102*g